{"id":33,"date":"2022-09-05T09:12:08","date_gmt":"2022-09-05T07:12:08","guid":{"rendered":"http:\/\/pachniewska.pl\/index.php\/home\/"},"modified":"2023-02-07T22:18:41","modified_gmt":"2023-02-07T21:18:41","slug":"adwokat-plock","status":"publish","type":"page","link":"https:\/\/pachniewska.pl\/","title":{"rendered":"Adwokat P\u0142ock"},"content":{"rendered":"","protected":false},"excerpt":{"rendered":"","protected":false},"author":1,"featured_media":0,"parent":0,"menu_order":0,"comment_status":"closed","ping_status":"closed","template":"","meta":{"footnotes":""},"class_list":["post-33","page","type-page","status-publish","hentry"],"yoast_head":"<!-- This site is optimized with the Yoast SEO Premium plugin v20.1 (Yoast SEO v27.4) - https:\/\/yoast.com\/product\/yoast-seo-premium-wordpress\/ -->\n<title>Adwokat P\u0142ock - Pachniewska<\/title>\n<meta name=\"description\" content=\"Najlepszy adwokat w P\u0142ocku - reprezentacja s\u0105dowa, porady prawne, prawo cywilne, prawo rodzinne i spadkowe, prawo administracyjne, prawo pracy\" \/>\n<meta name=\"robots\" content=\"index, follow, max-snippet:-1, max-image-preview:large, max-video-preview:-1\" \/>\n<link rel=\"canonical\" href=\"https:\/\/pachniewska.pl\/\" \/>\n<meta property=\"og:locale\" content=\"pl_PL\" \/>\n<meta property=\"og:type\" content=\"article\" \/>\n<meta property=\"og:title\" content=\"Adwokat P\u0142ock\" \/>\n<meta property=\"og:description\" content=\"Najlepszy adwokat w P\u0142ocku - reprezentacja s\u0105dowa, porady prawne, prawo cywilne, prawo rodzinne i spadkowe, prawo administracyjne, prawo pracy\" \/>\n<meta property=\"og:url\" content=\"https:\/\/pachniewska.pl\/\" \/>\n<meta property=\"og:site_name\" content=\"Pachniewska\" \/>\n<meta property=\"article:modified_time\" content=\"2023-02-07T21:18:41+00:00\" \/>\n<meta name=\"twitter:card\" content=\"summary_large_image\" \/>\n<script type=\"application\/ld+json\" class=\"yoast-schema-graph\">{\"@context\":\"https:\\\/\\\/schema.org\",\"@graph\":[{\"@type\":\"WebPage\",\"@id\":\"https:\\\/\\\/pachniewska.pl\\\/\",\"url\":\"https:\\\/\\\/pachniewska.pl\\\/\",\"name\":\"Adwokat P\u0142ock - Pachniewska\",\"isPartOf\":{\"@id\":\"https:\\\/\\\/pachniewska.pl\\\/#website\"},\"datePublished\":\"2022-09-05T07:12:08+00:00\",\"dateModified\":\"2023-02-07T21:18:41+00:00\",\"description\":\"Najlepszy adwokat w P\u0142ocku - reprezentacja s\u0105dowa, porady prawne, prawo cywilne, prawo rodzinne i spadkowe, prawo administracyjne, prawo pracy\",\"breadcrumb\":{\"@id\":\"https:\\\/\\\/pachniewska.pl\\\/#breadcrumb\"},\"inLanguage\":\"pl-PL\",\"potentialAction\":[{\"@type\":\"ReadAction\",\"target\":[\"https:\\\/\\\/pachniewska.pl\\\/\"]}]},{\"@type\":\"BreadcrumbList\",\"@id\":\"https:\\\/\\\/pachniewska.pl\\\/#breadcrumb\",\"itemListElement\":[{\"@type\":\"ListItem\",\"position\":1,\"name\":\"Strona g\u0142\u00f3wna\",\"item\":\"https:\\\/\\\/pachniewska.pl\\\/\"},{\"@type\":\"ListItem\",\"position\":2,\"name\":\"Adwokat P\u0142ock\"}]},{\"@type\":\"WebSite\",\"@id\":\"https:\\\/\\\/pachniewska.pl\\\/#website\",\"url\":\"https:\\\/\\\/pachniewska.pl\\\/\",\"name\":\"Pachniewska\",\"description\":\"Adwokat Katarzyna Pachniewska - Wieczorek\",\"publisher\":{\"@id\":\"https:\\\/\\\/pachniewska.pl\\\/#organization\"},\"alternateName\":\"P\u0142ock Adwokat Pachniewska\",\"potentialAction\":[{\"@type\":\"SearchAction\",\"target\":{\"@type\":\"EntryPoint\",\"urlTemplate\":\"https:\\\/\\\/pachniewska.pl\\\/?s={search_term_string}\"},\"query-input\":{\"@type\":\"PropertyValueSpecification\",\"valueRequired\":true,\"valueName\":\"search_term_string\"}}],\"inLanguage\":\"pl-PL\"},{\"@type\":\"Organization\",\"@id\":\"https:\\\/\\\/pachniewska.pl\\\/#organization\",\"name\":\"Kancelaria Adwokacka - Katarzyna Pachniewska\",\"alternateName\":\"Adwokat P\u0142ock\",\"url\":\"https:\\\/\\\/pachniewska.pl\\\/\",\"logo\":{\"@type\":\"ImageObject\",\"inLanguage\":\"pl-PL\",\"@id\":\"https:\\\/\\\/pachniewska.pl\\\/#\\\/schema\\\/logo\\\/image\\\/\",\"url\":\"https:\\\/\\\/pachniewska.pl\\\/wp-content\\\/uploads\\\/2025\\\/09\\\/adwokat_plock_2-5.jpg\",\"contentUrl\":\"https:\\\/\\\/pachniewska.pl\\\/wp-content\\\/uploads\\\/2025\\\/09\\\/adwokat_plock_2-5.jpg\",\"width\":400,\"height\":80,\"caption\":\"Kancelaria Adwokacka - Katarzyna Pachniewska\"},\"image\":{\"@id\":\"https:\\\/\\\/pachniewska.pl\\\/#\\\/schema\\\/logo\\\/image\\\/\"}}]}<\/script>\n<!-- \/ Yoast SEO Premium plugin. -->","yoast_head_json":{"title":"Adwokat P\u0142ock - Pachniewska","description":"Najlepszy adwokat w P\u0142ocku - reprezentacja s\u0105dowa, porady prawne, prawo cywilne, prawo rodzinne i spadkowe, prawo administracyjne, prawo pracy","robots":{"index":"index","follow":"follow","max-snippet":"max-snippet:-1","max-image-preview":"max-image-preview:large","max-video-preview":"max-video-preview:-1"},"canonical":"https:\/\/pachniewska.pl\/","og_locale":"pl_PL","og_type":"article","og_title":"Adwokat P\u0142ock","og_description":"Najlepszy adwokat w P\u0142ocku - reprezentacja s\u0105dowa, porady prawne, prawo cywilne, prawo rodzinne i spadkowe, prawo administracyjne, prawo pracy","og_url":"https:\/\/pachniewska.pl\/","og_site_name":"Pachniewska","article_modified_time":"2023-02-07T21:18:41+00:00","twitter_card":"summary_large_image","schema":{"@context":"https:\/\/schema.org","@graph":[{"@type":"WebPage","@id":"https:\/\/pachniewska.pl\/","url":"https:\/\/pachniewska.pl\/","name":"Adwokat P\u0142ock - Pachniewska","isPartOf":{"@id":"https:\/\/pachniewska.pl\/#website"},"datePublished":"2022-09-05T07:12:08+00:00","dateModified":"2023-02-07T21:18:41+00:00","description":"Najlepszy adwokat w P\u0142ocku - reprezentacja s\u0105dowa, porady prawne, prawo cywilne, prawo rodzinne i spadkowe, prawo administracyjne, prawo pracy","breadcrumb":{"@id":"https:\/\/pachniewska.pl\/#breadcrumb"},"inLanguage":"pl-PL","potentialAction":[{"@type":"ReadAction","target":["https:\/\/pachniewska.pl\/"]}]},{"@type":"BreadcrumbList","@id":"https:\/\/pachniewska.pl\/#breadcrumb","itemListElement":[{"@type":"ListItem","position":1,"name":"Strona g\u0142\u00f3wna","item":"https:\/\/pachniewska.pl\/"},{"@type":"ListItem","position":2,"name":"Adwokat P\u0142ock"}]},{"@type":"WebSite","@id":"https:\/\/pachniewska.pl\/#website","url":"https:\/\/pachniewska.pl\/","name":"Pachniewska","description":"Adwokat Katarzyna Pachniewska - Wieczorek","publisher":{"@id":"https:\/\/pachniewska.pl\/#organization"},"alternateName":"P\u0142ock Adwokat Pachniewska","potentialAction":[{"@type":"SearchAction","target":{"@type":"EntryPoint","urlTemplate":"https:\/\/pachniewska.pl\/?s={search_term_string}"},"query-input":{"@type":"PropertyValueSpecification","valueRequired":true,"valueName":"search_term_string"}}],"inLanguage":"pl-PL"},{"@type":"Organization","@id":"https:\/\/pachniewska.pl\/#organization","name":"Kancelaria Adwokacka - Katarzyna Pachniewska","alternateName":"Adwokat P\u0142ock","url":"https:\/\/pachniewska.pl\/","logo":{"@type":"ImageObject","inLanguage":"pl-PL","@id":"https:\/\/pachniewska.pl\/#\/schema\/logo\/image\/","url":"https:\/\/pachniewska.pl\/wp-content\/uploads\/2025\/09\/adwokat_plock_2-5.jpg","contentUrl":"https:\/\/pachniewska.pl\/wp-content\/uploads\/2025\/09\/adwokat_plock_2-5.jpg","width":400,"height":80,"caption":"Kancelaria Adwokacka - Katarzyna Pachniewska"},"image":{"@id":"https:\/\/pachniewska.pl\/#\/schema\/logo\/image\/"}}]}},"_links":{"self":[{"href":"https:\/\/pachniewska.pl\/index.php\/wp-json\/wp\/v2\/pages\/33","targetHints":{"allow":["GET"]}}],"collection":[{"href":"https:\/\/pachniewska.pl\/index.php\/wp-json\/wp\/v2\/pages"}],"about":[{"href":"https:\/\/pachniewska.pl\/index.php\/wp-json\/wp\/v2\/types\/page"}],"author":[{"embeddable":true,"href":"https:\/\/pachniewska.pl\/index.php\/wp-json\/wp\/v2\/users\/1"}],"replies":[{"embeddable":true,"href":"https:\/\/pachniewska.pl\/index.php\/wp-json\/wp\/v2\/comments?post=33"}],"version-history":[{"count":2,"href":"https:\/\/pachniewska.pl\/index.php\/wp-json\/wp\/v2\/pages\/33\/revisions"}],"predecessor-version":[{"id":515,"href":"https:\/\/pachniewska.pl\/index.php\/wp-json\/wp\/v2\/pages\/33\/revisions\/515"}],"wp:attachment":[{"href":"https:\/\/pachniewska.pl\/index.php\/wp-json\/wp\/v2\/media?parent=33"}],"curies":[{"name":"wp","href":"https:\/\/api.w.org\/{rel}","templated":true}]}}